{"version":"1.0","provider_name":"Bizalmi K\u00f6r blog","provider_url":"https:\/\/bizalmikor.hu\/blog","author_name":"Gangel P\u00e9ter","author_url":"https:\/\/bizalmikor.hu\/blog\/author\/peti\/","title":"A magyaroknak meg kell tanulniuk tartal\u00e9kolni","type":"rich","width":600,"height":338,"html":"<blockquote class=\"wp-embedded-content\" data-secret=\"6qnJmnTj0h\"><a href=\"https:\/\/bizalmikor.hu\/blog\/2020\/05\/26\/a-magyaroknak-meg-kell-tanulniuk-tartalekolni\/\">A magyaroknak meg kell tanulniuk tartal\u00e9kolni<\/a><\/blockquote><iframe sandbox=\"allow-scripts\" security=\"restricted\" src=\"https:\/\/bizalmikor.hu\/blog\/2020\/05\/26\/a-magyaroknak-meg-kell-tanulniuk-tartalekolni\/embed\/#?secret=6qnJmnTj0h\" width=\"600\" height=\"338\" title=\"&#8220;A magyaroknak meg kell tanulniuk tartal\u00e9kolni&#8221; &#8212; Bizalmi K\u00f6r blog\" data-secret=\"6qnJmnTj0h\" frameborder=\"0\" marginwidth=\"0\" marginheight=\"0\" scrolling=\"no\" class=\"wp-embedded-content\"><\/iframe><script type=\"text\/javascript\">\n\/* <![CDATA[ *\/\n\/*! This file is auto-generated *\/\n!function(d,l){\"use strict\";l.querySelector&&d.addEventListener&&\"undefined\"!=typeof URL&&(d.wp=d.wp||{},d.wp.receiveEmbedMessage||(d.wp.receiveEmbedMessage=function(e){var t=e.data;if((t||t.secret||t.message||t.value)&&!\/[^a-zA-Z0-9]\/.test(t.secret)){for(var s,r,n,a=l.querySelectorAll('iframe[data-secret=\"'+t.secret+'\"]'),o=l.querySelectorAll('blockquote[data-secret=\"'+t.secret+'\"]'),c=new RegExp(\"^https?:$\",\"i\"),i=0;i<o.length;i++)o[i].style.display=\"none\";for(i=0;i<a.length;i++)s=a[i],e.source===s.contentWindow&&(s.removeAttribute(\"style\"),\"height\"===t.message?(1e3<(r=parseInt(t.value,10))?r=1e3:~~r<200&&(r=200),s.height=r):\"link\"===t.message&&(r=new URL(s.getAttribute(\"src\")),n=new URL(t.value),c.test(n.protocol))&&n.host===r.host&&l.activeElement===s&&(d.top.location.href=t.value))}},d.addEventListener(\"message\",d.wp.receiveEmbedMessage,!1),l.addEventListener(\"DOMContentLoaded\",function(){for(var e,t,s=l.querySelectorAll(\"iframe.wp-embedded-content\"),r=0;r<s.length;r++)(t=(e=s[r]).getAttribute(\"data-secret\"))||(t=Math.random().toString(36).substring(2,12),e.src+=\"#?secret=\"+t,e.setAttribute(\"data-secret\",t)),e.contentWindow.postMessage({message:\"ready\",secret:t},\"*\")},!1)))}(window,document);\n\/* ]]> *\/\n<\/script>\n","thumbnail_url":"https:\/\/bizalmikor.hu\/blog\/wp-content\/uploads\/2020\/05\/319633_gerendai_karoly.jpg","thumbnail_width":800,"thumbnail_height":400,"description":"Gerendai K\u00e1rolyt senkinek sem kell bemutatni. A Sziget Fesztiv\u00e1l vizion\u00e1rius alap\u00edt\u00f3j\u00e1val ez\u00fattal arr\u00f3l besz\u00e9lgett\u00fcnk, hogyan \u00e9lhetnek t\u00fal azok a v\u00e1llalkoz\u00f3k, akik a vend\u00e9gl\u00e1t\u00e1sban, turizmusban voltak \u00e9rdekeltek a v\u00e1ls\u00e1g el\u0151tt."}

Bizalmi Kör blog

Gangel Péter

A magyaroknak meg kell tanulniuk tartalékolni

<blockquote class="wp-embedded-content" data-secret="6qnJmnTj0h"><a href="https://bizalmikor.hu/blog/2020/05/26/a-magyaroknak-meg-kell-tanulniuk-tartalekolni/">A magyaroknak meg kell tanulniuk tartalékolni</a></blockquote><iframe sandbox="allow-scripts" security="restricted" src="https://bizalmikor.hu/blog/2020/05/26/a-magyaroknak-meg-kell-tanulniuk-tartalekolni/embed/#?secret=6qnJmnTj0h" width="600" height="338" title="&#8220;A magyaroknak meg kell tanulniuk tartalékolni&#8221; &#8212; Bizalmi Kör blog" data-secret="6qnJmnTj0h" frameborder="0" marginwidth="0" marginheight="0" scrolling="no" class="wp-embedded-content"></iframe><script type="text/javascript">
/* <![CDATA[ */
/*! This file is auto-generated */
!function(d,l){"use strict";l.querySelector&&d.addEventListener&&"undefined"!=typeof URL&&(d.wp=d.wp||{},d.wp.receiveEmbedMessage||(d.wp.receiveEmbedMessage=function(e){var t=e.data;if((t||t.secret||t.message||t.value)&&!/[^a-zA-Z0-9]/.test(t.secret)){for(var s,r,n,a=l.querySelectorAll('iframe[data-secret="'+t.secret+'"]'),o=l.querySelectorAll('blockquote[data-secret="'+t.secret+'"]'),c=new RegExp("^https?:$","i"),i=0;i<o.length;i++)o[i].style.display="none";for(i=0;i<a.length;i++)s=a[i],e.source===s.contentWindow&&(s.removeAttribute("style"),"height"===t.message?(1e3<(r=parseInt(t.value,10))?r=1e3:~~r<200&&(r=200),s.height=r):"link"===t.message&&(r=new URL(s.getAttribute("src")),n=new URL(t.value),c.test(n.protocol))&&n.host===r.host&&l.activeElement===s&&(d.top.location.href=t.value))}},d.addEventListener("message",d.wp.receiveEmbedMessage,!1),l.addEventListener("DOMContentLoaded",function(){for(var e,t,s=l.querySelectorAll("iframe.wp-embedded-content"),r=0;r<s.length;r++)(t=(e=s[r]).getAttribute("data-secret"))||(t=Math.random().toString(36).substring(2,12),e.src+="#?secret="+t,e.setAttribute("data-secret",t)),e.contentWindow.postMessage({message:"ready",secret:t},"*")},!1)))}(window,document);
/* ]]> */
</script>

Gerendai Károlyt senkinek sem kell bemutatni. A Sziget Fesztivál vizionárius alapítójával ezúttal arról beszélgettünk, hogyan élhetnek túl azok a vállalkozók, akik a vendéglátásban, turizmusban voltak érdekeltek a válság előtt.
